{"id":13535,"date":"2022-03-07T10:01:41","date_gmt":"2022-03-07T09:01:41","guid":{"rendered":"https:\/\/monmutualis.com\/?page_id=13535"},"modified":"2023-12-27T04:40:42","modified_gmt":"2023-12-27T03:40:42","slug":"a-propos-de-nous","status":"publish","type":"page","link":"https:\/\/monmutualis.com\/index.php\/a-propos-de-nous\/","title":{"rendered":"\u00c0 propos de nous"},"content":{"rendered":"<div class=\"wpb-content-wrapper\"><p>[vc_row parallax=\u00a0\u00bbcontent-moving\u00a0\u00bb full_width=\u00a0\u00bbstretch_row\u00a0\u00bb css=\u00a0\u00bb.vc_custom_1645792207324{background-position: center;background-repeat: no-repeat !important;background-size: cover !important;}\u00a0\u00bb][vc_column]\r\n\t<div class=\"prelude-spacer clearfix\" data-desktop=\"135\" data-mobi=\"60\" data-smobi=\"60\"><\/div>[\/vc_column][\/vc_row][vc_row parallax=\u00a0\u00bbcontent-moving\u00a0\u00bb parallax_image=\u00a0\u00bb13562&Prime; full_width=\u00a0\u00bbstretch_row\u00a0\u00bb css=\u00a0\u00bb.vc_custom_1647380404219{background-position: center;background-repeat: no-repeat !important;background-size: cover !important;}\u00a0\u00bb][vc_column]\r\n\t<div class=\"prelude-spacer clearfix\" data-desktop=\"135\" data-mobi=\"60\" data-smobi=\"60\"><\/div>[vc_row_inner][vc_column_inner width=\u00a0\u00bb7\/12&Prime;][vc_column_text]<\/p>\n<h2 class=\"text-white\" style=\"max-width: 600px; font-weight: 600; margin-bottom: 20px;\">A propos de nous ?<\/h2>\n<div id=\"gtx-trans\" style=\"position: absolute; left: 441px; top: -15px;\">\n<div class=\"gtx-trans-icon\"><\/div>\n<\/div>\n<p>[\/vc_column_text]<div class=\"prelude-headings clearfix \"  style=\"\"><p class=\"sub-heading clearfix\" style=\"font-style:normal;color:#ffffff;font-size:16px;line-height:26px;\">\r\n\t\tEnfin une structure qui nous aide \u00e0 acqu\u00e9rir des produits sur mesure.\r\n\t<\/p><\/div>[\/vc_column_inner][vc_column_inner width=\u00a0\u00bb5\/12&Prime;]\r\n\t<div class=\"prelude-spacer clearfix\" data-desktop=\"90\" data-mobi=\"60\" data-smobi=\"60\"><\/div>[\/vc_column_inner][\/vc_row_inner]\r\n\t<div class=\"prelude-spacer clearfix\" data-desktop=\"140\" data-mobi=\"60\" data-smobi=\"60\"><\/div>[\/vc_column][\/vc_row][vc_row][vc_column]\r\n\t<div class=\"prelude-spacer clearfix\" data-desktop=\"97\" data-mobi=\"60\" data-smobi=\"60\"><\/div><div class=\"prelude-headings clearfix \" data-font=14 style=\"\"><h3 class=\"heading clearfix  accent\" style=\"font-weight:500;letter-spacing:0.25px;margin-bottom:15px;font-size:14px;\">\r\n\t\tTOUT SAVOIR SUR MUTUALIS INC.\r\n\t<\/h3><\/div>[vc_column_text]<\/p>\n<h2 style=\"max-width: 700px; font-weight: 600; margin-bottom: 0;\"><span style=\"font-weight: 300;\">Mutualis, l&rsquo;humain au bout du <\/span>SERVICE<\/h2>\n<div id=\"gtx-trans\" style=\"position: absolute; left: 169px; top: -15px;\">\n<div class=\"gtx-trans-icon\"><\/div>\n<\/div>\n<p>[\/vc_column_text]\r\n\t<div class=\"prelude-spacer clearfix\" data-desktop=\"80\" data-mobi=\"50\" data-smobi=\"50\"><\/div>[vc_row_inner][vc_column_inner width=\u00a0\u00bb1\/2&Prime;][vc_column_text]<\/p>\n<div style=\"color: #5e5d6c; font-size: 18px; line-height: 27px; font-weight: 600; margin-bottom: 27px;\">\n<p>Mutualis Gabon est une entreprise de gestion et de conception de couverture d\u2019assurance pour le compte des assureurs-partenaires.<\/p>\n<p>En tant que mandataires, nous tarifons, \u00e9valuons et concevons pour le march\u00e9 des solutions sp\u00e9cialis\u00e9es pour le compte de notre partenaire en marque blanche.<\/p>\n<p>Nos domaines de couvertures sont r\u00e9partis respectivement en incendie, accident et risques divers.<\/p>\n<p>Nous \u0153uvrons respectivement dans diff\u00e9rents pays d\u2019Afrique et d\u2019Am\u00e9rique du Nord. Mutualis c\u2019est une \u00e9quipe ax\u00e9e sur des valeurs humaines. Nous croyons en l\u2019audace, au respect de la parole donn\u00e9e, \u00e0 l\u2019engagement social, \u00e0 l\u2019excellence, \u00e0 l\u2019innovation, l\u2019int\u00e9grit\u00e9, l\u2019expertise et l\u2019authenticit\u00e9.<\/p>\n<p>Mutualis c\u2019est une communaut\u00e9 de 25\u00a0000 clients qui nous font confiance\u00a0!<\/p>\n<p>\u00c0 l\u2019image de notre slogan, chez Mutualis c\u2019est \u00ab\u00a0L\u2019humain au bout du service\u00a0\u00bb.<\/p>\n<\/div>\n<p>[\/vc_column_text]\r\n\t<div class=\"prelude-spacer clearfix\" data-desktop=\"80\" data-mobi=\"50\" data-smobi=\"50\"><\/div>\r\n\t<div class=\"prelude-spacer clearfix\" data-desktop=\"0\" data-mobi=\"60\" data-smobi=\"60\"><\/div>[\/vc_column_inner][vc_column_inner width=\u00a0\u00bb1\/2&Prime;]\r\n\t<div class=\"prelude-parallax-box\"><div class=\"parallax-wrap\"><div class=\"prelude-parallax-item has-width\" style=\"left:41%;margin-top:15%;width:59%;border-radius:7px;box-shadow: 0px 10px 90px 0px rgba(110,123,131,0.2);\" data-parallax='{\"y\" : -40, \"smoothness\" : 40}' data-top=\"15%\"><img decoding=\"async\" class=\"parallax-image\" src=\"https:\/\/monmutualis.com\/wp-content\/uploads\/2022\/03\/MutualisFichier-30.png\" alt=\"image\"><\/div><div class=\"prelude-parallax-item has-width\" style=\"left:4%;margin-top:2%;width:100%;border-radius:7px;box-shadow: 0px 10px 90px 0px rgba(110,123,131,0.2);\" data-parallax='{\"y\" : -80, \"smoothness\" : 20}' data-top=\"2%\"><img decoding=\"async\" class=\"parallax-image\" src=\"https:\/\/monmutualis.com\/wp-content\/uploads\/2022\/03\/MutualisFichier-30.png\" alt=\"image\"><\/div><\/div><\/div>[\/vc_column_inner][\/vc_row_inner]\r\n\t<div class=\"prelude-spacer clearfix\" data-desktop=\"94\" data-mobi=\"60\" data-smobi=\"60\"><\/div>[\/vc_column][\/vc_row][vc_row full_width=\u00a0\u00bbstretch_row\u00a0\u00bb css=\u00a0\u00bb.vc_custom_1645705654954{background-color: #af1731 !important;}\u00a0\u00bb][vc_column]\r\n\t<div class=\"prelude-spacer clearfix\" data-desktop=\"100\" data-mobi=\"60\" data-smobi=\"60\"><\/div>[vc_row_inner][vc_column_inner width=\u00a0\u00bb1\/2&Prime;]<div class=\"prelude-content-box clearfix \" data-padding=\"\" data-mobipadding=\"\" data-margin=\"0px 35px 0px 0px\" data-mobimargin=\"0px 0px 0px 0px\" >\r\n\t\t<div class=\"inner ctb-1609454446\" style=\"\"  data-background=\"\">\r\n\t\t\t<div class=\"prelude-simple-image  img-stretch  stretch ctb-1581057177\" data-reveal=\"true\" data-reveal-options='{\"direction\":\"rl\",\"bgcolor\":\"#dddddd\"}'  data-stretch-left=-6.5vw>\r\n\t\t\t\t<figure style=\"border-radius:20px;overflow:hidden; box-shadow: 0px 10px 90px 0px rgba(110,123,131,0.1)\"><img decoding=\"async\" alt=\"image\" src=\"https:\/\/monmutualis.com\/wp-content\/uploads\/2022\/03\/sfdgh.jpg\" \/> <\/figure>\r\n\t\t\t<\/div>\r\n\t\t<\/div>\r\n\t<\/div>\r\n\t<div class=\"prelude-spacer clearfix\" data-desktop=\"0\" data-mobi=\"40\" data-smobi=\"40\"><\/div>[\/vc_column_inner][vc_column_inner width=\u00a0\u00bb1\/2&Prime;]<div class=\"prelude-headings clearfix \" data-font=42 data-mfont=40 style=\"\"><h2 class=\"heading clearfix \" style=\"font-weight:600;color:#ffffff;max-width:430px;margin-bottom:32px;font-size:42px;\">\r\n\t\tQUEL EST NOTRE VISION\r\n\t<\/h2><p class=\"sub-heading clearfix\" style=\"font-style:normal;font-weight:600;color:#ffffff;font-size:18px;line-height:27px;\">\r\n\t\tMutualis est consciente de l\u2019\u00e9volution de la soci\u00e9t\u00e9 et des enjeux qui en r\u00e9sulte dans le domaine des assurances. A l\u2019heure d\u2019une \u00e9mergence des \u00e9conomies collaboratives : Uber, Covoiturage, Coworking, Air BNB, Bitcoin, etc. le monde des assurances s\u2019est vu supplant\u00e9 par de nouveaux risques que les proc\u00e9d\u00e9s traditionnels ne peuvent efficacement r\u00e9sorb\u00e9s.<br \/>\nGr\u00e2ce \u00e0 une approche prospective et dynamique du march\u00e9 des assurances, Mutualis entends se positionner en avant-garde des prochaines mutations du secteur des assurances en offrant aux assureurs plusieurs solutions afin de les aider \u00e0 faire face aux besoins r\u00e9els des assur\u00e9s.<br \/>\nElle entend, sur le continent africain notamment, contribuer \u00e0 la vulgarisation de ses services en mettant \u00e0 la disposition des assureurs des solutions de gestion de risque sur mesure reposant sur les m\u00e9canismes de ses fonds d\u2019assurances.\r\n\t<\/p><\/div>[\/vc_column_inner][\/vc_row_inner]\r\n\t<div class=\"prelude-spacer clearfix\" data-desktop=\"100\" data-mobi=\"60\" data-smobi=\"60\"><\/div><div class=\"prelude-align-box text-center\"><\/div>[\/vc_column][\/vc_row][vc_row full_width=\u00a0\u00bbstretch_row\u00a0\u00bb css=\u00a0\u00bb.vc_custom_1645705747881{background-color: #1e73be !important;}\u00a0\u00bb][vc_column]\r\n\t<div class=\"prelude-spacer clearfix\" data-desktop=\"100\" data-mobi=\"60\" data-smobi=\"60\"><\/div>[vc_row_inner][vc_column_inner width=\u00a0\u00bb1\/2&Prime;]<div class=\"prelude-content-box clearfix \" data-padding=\"\" data-mobipadding=\"\" data-margin=\"0px 35px 0px 0px\" data-mobimargin=\"0px 0px 0px 0px\" >\r\n\t\t<div class=\"inner ctb-1831415822\" style=\"\"  data-background=\"\">\r\n\t\t\t<div class=\"prelude-simple-image  img-stretch  stretch ctb-1162639520\" data-reveal=\"true\" data-reveal-options='{\"direction\":\"rl\",\"bgcolor\":\"#dddddd\"}'  data-stretch-left=-6.5vw>\r\n\t\t\t\t<figure style=\"border-radius:20px;overflow:hidden; box-shadow: 0px 10px 90px 0px rgba(110,123,131,0.1)\"><img decoding=\"async\" alt=\"image\" src=\"https:\/\/monmutualis.com\/wp-content\/uploads\/2022\/03\/fghjkl.jpg\" \/> <\/figure>\r\n\t\t\t<\/div>\r\n\t\t<\/div>\r\n\t<\/div>\r\n\t<div class=\"prelude-spacer clearfix\" data-desktop=\"0\" data-mobi=\"40\" data-smobi=\"40\"><\/div>[\/vc_column_inner][vc_column_inner width=\u00a0\u00bb1\/2&Prime;]<div class=\"prelude-headings clearfix \" data-font=42 data-mfont=40 style=\"\"><h2 class=\"heading clearfix \" style=\"font-weight:600;color:#ffffff;max-width:430px;margin-bottom:32px;font-size:42px;\">\r\n\t\tQUEL SONT NOS VALEURS ?\r\n\t<\/h2><p class=\"sub-heading clearfix\" style=\"font-style:normal;font-weight:600;color:#ffffff;font-size:18px;line-height:27px;\">\r\n\t\tMutualis est une entreprise Nord-Am\u00e9ricaine impr\u00e9gn\u00e9 des valeurs de ses fondateurs en partie Africain. Nous adh\u00e9rons aux principes d\u2019excellence et de confiance, aux valeurs d\u2019honn\u00eatet\u00e9 et de travail. Aussi, est-ce dans ce sens que nous adh\u00e9rons \u00e0 la maxime stipulant : \u00ab Don\u2019t say me what you can do, Show me what you do \u00bb. Autrement dit, ne nous dites pas ce que vous savez faire mais appliquez plut\u00f4t ce que vous savez faire. Nous mettons un point d\u2019honneur \u00e0 \u00e9tablir une relation durable de confiance avec nos partenaires. Aussi, en tant que pionnier des fonds d\u2019assurances nous avons un devoir historique et morale d\u2019exemplarit\u00e9.\r\n\t<\/p><\/div>[\/vc_column_inner][\/vc_row_inner]\r\n\t<div class=\"prelude-spacer clearfix\" data-desktop=\"100\" data-mobi=\"60\" data-smobi=\"60\"><\/div><div class=\"prelude-align-box text-center\"><\/div>[\/vc_column][\/vc_row]<\/p>\n<\/div>","protected":false},"excerpt":{"rendered":"<p>[vc_row parallax=\u00a0\u00bbcontent-moving\u00a0\u00bb full_width=\u00a0\u00bbstretch_row\u00a0\u00bb css=\u00a0\u00bb.vc_custom_1645792207324{background-position: center;background-repeat: no-repeat !important;background-size: cover !important;}\u00a0\u00bb][vc_column][\/vc_column][\/vc_row][vc_row parallax=\u00a0\u00bbcontent-moving\u00a0\u00bb parallax_image=\u00a0\u00bb13562&Prime; full_width=\u00a0\u00bbstretch_row\u00a0\u00bb css=\u00a0\u00bb.vc_custom_1647380404219{background-position: center;background-repeat: no-repeat !important;background-size: cover !important;}\u00a0\u00bb][vc_column][vc_row_inner][vc_column_inner width=\u00a0\u00bb7\/12&Prime;][vc_column_text] A propos de nous ? [\/vc_column_text][\/vc_column_inner][vc_column_inner width=\u00a0\u00bb5\/12&Prime;][\/vc_column_inner][\/vc_row_inner][\/vc_column][\/vc_row][vc_row][vc_column][vc_column_text] Mutualis, l&rsquo;humain au bout du SERVICE [\/vc_column_text][vc_row_inner][vc_column_inner width=\u00a0\u00bb1\/2&Prime;][vc_column_text] Mutualis Gabon est une entreprise de gestion et de conception de couverture d\u2019assurance pour le compte<\/p>\n","protected":false},"author":1,"featured_media":0,"parent":0,"menu_order":0,"comment_status":"closed","ping_status":"closed","template":"","meta":{"_monsterinsights_skip_tracking":false,"_monsterinsights_sitenote_active":false,"_monsterinsights_sitenote_note":"","_monsterinsights_sitenote_category":0,"footnotes":""},"class_list":["post-13535","page","type-page","status-publish","hentry"],"aioseo_notices":[],"_links":{"self":[{"href":"https:\/\/monmutualis.com\/index.php\/wp-json\/wp\/v2\/pages\/13535","targetHints":{"allow":["GET"]}}],"collection":[{"href":"https:\/\/monmutualis.com\/index.php\/wp-json\/wp\/v2\/pages"}],"about":[{"href":"https:\/\/monmutualis.com\/index.php\/wp-json\/wp\/v2\/types\/page"}],"author":[{"embeddable":true,"href":"https:\/\/monmutualis.com\/index.php\/wp-json\/wp\/v2\/users\/1"}],"replies":[{"embeddable":true,"href":"https:\/\/monmutualis.com\/index.php\/wp-json\/wp\/v2\/comments?post=13535"}],"version-history":[{"count":15,"href":"https:\/\/monmutualis.com\/index.php\/wp-json\/wp\/v2\/pages\/13535\/revisions"}],"predecessor-version":[{"id":13758,"href":"https:\/\/monmutualis.com\/index.php\/wp-json\/wp\/v2\/pages\/13535\/revisions\/13758"}],"wp:attachment":[{"href":"https:\/\/monmutualis.com\/index.php\/wp-json\/wp\/v2\/media?parent=13535"}],"curies":[{"name":"wp","href":"https:\/\/api.w.org\/{rel}","templated":true}]}}